{"id":186,"date":"2019-03-11T12:41:06","date_gmt":"2019-03-11T12:41:06","guid":{"rendered":"https:\/\/consorciojet.co\/?page_id=186"},"modified":"2019-06-01T22:31:30","modified_gmt":"2019-06-01T22:31:30","slug":"mision-y-vision","status":"publish","type":"page","link":"https:\/\/consorciojet.co\/index.php\/mision-y-vision\/","title":{"rendered":"Misi\u00f3n y Visi\u00f3n"},"content":{"rendered":"\n\t\t\t\t<img loading=\"lazy\" decoding=\"async\" src=\"https:\/\/consorciojet.co\/wp-content\/uploads\/2019\/06\/empleadas.png\" alt=\"empleadas\" itemprop=\"image\" height=\"418\" width=\"519\" title=\"empleadas\" onerror=\"this.style.display='none'\"  \/>\n\t<strong>MISI\u00d3N<\/strong>\nEl Consorcio JET quiere trabajar con alto desempe\u00f1o contribuir a la productividad de su Cliente La ANI y al desarrollo de su personal, ofreciendo productos y servicios innovadores, competitivos y rentables, para garantizar un desarrollo sostenible.\u00a0\nLa Misi\u00f3n del Consorcio est\u00e1 regida por las siguientes premisas:\n\t<ul>\n<li>\nContar con una fuerte orientaci\u00f3n al cliente, siendo proactivos en la prestaci\u00f3n del servicio.\n<\/li>\n<li>\nSer r\u00e1pidos y \u00e1giles en el desempe\u00f1o de las labores o la resoluci\u00f3n de puntos de mejora.\n<\/li>\n<li>\nMantener la confianza de nuestro cliente en el largo plazo y actuamos en consecuencia, garantizando el cumplimiento de nuestras obligaciones contractuales ante la ANI.\n<\/li>\n<li>\nEsmerarnos por el cumplimiento de las obligaciones contractuales del Concesionario y por superar sus expectativas.\n<\/li>\n<\/ul>\n\t<b>VISI\u00d3N <\/b>\nConsolidarnos como una de las mejores Interventor\u00edas que trabajan actualmente con la ANI, siendo el contratista preferido en la prestaci\u00f3n del servicio, generando lazos de confianza en la relaci\u00f3n comercial y de servicios, manteniendo un excelente nivel de calidad. \n\t\t\t\t<img loading=\"lazy\" decoding=\"async\" src=\"https:\/\/consorciojet.co\/wp-content\/uploads\/2019\/06\/4f9f02f5-2147-463f-bf68-063ae23d2919.jpg\" alt=\"4f9f02f5-2147-463f-bf68-063ae23d2919\" itemprop=\"image\" height=\"1255\" width=\"1280\" title=\"4f9f02f5-2147-463f-bf68-063ae23d2919\" onerror=\"this.style.display='none'\"  \/>\n","protected":false},"excerpt":{"rendered":"","protected":false},"author":1,"featured_media":0,"parent":0,"menu_order":0,"comment_status":"closed","ping_status":"closed","template":"","meta":{"site-sidebar-layout":"no-sidebar","site-content-layout":"default","ast-global-header-display":"","ast-main-header-display":"","ast-hfb-above-header-display":"","ast-hfb-below-header-display":"","ast-hfb-mobile-header-display":"","site-post-title":"","ast-breadcrumbs-content":"","ast-featured-img":"","footer-sml-layout":"","theme-transparent-header-meta":"default","adv-header-id-meta":"","stick-header-meta":"","header-above-stick-meta":"","header-main-stick-meta":"","header-below-stick-meta":"","footnotes":""},"class_list":["post-186","page","type-page","status-publish","hentry"],"_links":{"self":[{"href":"https:\/\/consorciojet.co\/index.php\/wp-json\/wp\/v2\/pages\/186","targetHints":{"allow":["GET"]}}],"collection":[{"href":"https:\/\/consorciojet.co\/index.php\/wp-json\/wp\/v2\/pages"}],"about":[{"href":"https:\/\/consorciojet.co\/index.php\/wp-json\/wp\/v2\/types\/page"}],"author":[{"embeddable":true,"href":"https:\/\/consorciojet.co\/index.php\/wp-json\/wp\/v2\/users\/1"}],"replies":[{"embeddable":true,"href":"https:\/\/consorciojet.co\/index.php\/wp-json\/wp\/v2\/comments?post=186"}],"version-history":[{"count":21,"href":"https:\/\/consorciojet.co\/index.php\/wp-json\/wp\/v2\/pages\/186\/revisions"}],"predecessor-version":[{"id":796,"href":"https:\/\/consorciojet.co\/index.php\/wp-json\/wp\/v2\/pages\/186\/revisions\/796"}],"wp:attachment":[{"href":"https:\/\/consorciojet.co\/index.php\/wp-json\/wp\/v2\/media?parent=186"}],"curies":[{"name":"wp","href":"https:\/\/api.w.org\/{rel}","templated":true}]}}